{"id":31,"date":"2020-04-22T14:37:24","date_gmt":"2020-04-22T14:37:24","guid":{"rendered":"http:\/\/crb.com.ar\/?page_id=31"},"modified":"2023-03-17T19:12:02","modified_gmt":"2023-03-17T19:12:02","slug":"medios-de-pago","status":"publish","type":"page","link":"http:\/\/crb.com.ar\/?page_id=31","title":{"rendered":"Medios de Pago"},"content":{"rendered":"\n<p>A continuaci\u00f3n se detallan los medios de pagos habilitados:<\/p>\n\n\n\n<h4 class=\"has-medium-font-size wp-block-heading\">D\u00e9bito autom\u00e1tico<\/h4>\n\n\n\n<p>Enviarnos v\u00eda e-mail a <a rel=\"noreferrer noopener\" href=\"mailto:secretaria@crb.com.ar\" target=\"_blank\">secretaria@crb.com.ar<\/a> los siguientes datos para poder realizar el cobro de la cuota social mediante d\u00e9bito autom\u00e1tico.<br>\u2022 Nombre del Titular: xxxx<br>\u2022 N\u00famero de Cuenta: xxxx<br>\u2022 CUIL\/CUIT: xxxx<br>\u2022 CBU N\u00b0 : xxxx<br>\u2022 CBU Alias: xxxx<\/p>\n\n\n\n<h4 class=\"has-medium-font-size wp-block-heading\">Transferencia bancaria<\/h4>\n\n\n\n<p>Se solictia enviar un e-mail a <a rel=\"noreferrer noopener\" href=\"mailto:secretaria@crb.com.ar\" target=\"_blank\">secretaria@crb.com.ar<\/a> solicitando los datos de la cuenta del club con el nombre y apellido del socio.<\/p>\n\n\n\n<h4 class=\"has-medium-font-size wp-block-heading\"><strong>Pago con tarjeta de cr\u00e9dito<\/strong> \/ d\u00e9bito<\/h4>\n\n\n\n<p>Consultar promociones y cuotas sin inter\u00e9s para carnet de pileta y otras actividades. Solicitar link de pago v\u00eda WhatsApp: <a rel=\"noreferrer noopener\" href=\"http:\/\/wa.link\/w66lt3\" target=\"_blank\"><strong>03329-15-308639<\/strong><\/a><\/p>\n\n\n\n<h4 class=\"has-medium-font-size wp-block-heading\">Cobrador a domicilio<\/h4>\n\n\n\n<h2 class=\"has-medium-font-size wp-block-heading\"><strong>Cobro personalmente en la secretar\u00eda del club<\/strong><\/h2>\n","protected":false},"excerpt":{"rendered":"<p>A continuaci\u00f3n se detallan los medios de pagos habilitados: D\u00e9bito autom\u00e1tico Enviarnos v\u00eda e-mail a secretaria@crb.com.ar los siguientes datos para poder realizar el cobro de la cuota social mediante d\u00e9bito autom\u00e1tico.\u2022 Nombre del Titular: xxxx\u2022 N\u00famero de Cuenta: xxxx\u2022 CUIL\/CUIT: xxxx\u2022 CBU N\u00b0 : xxxx\u2022 CBU Alias: xxxx Transferencia bancaria Se solictia enviar un e-mail&hellip;<\/p>\n","protected":false},"author":1,"featured_media":0,"parent":0,"menu_order":0,"comment_status":"closed","ping_status":"closed","template":"","meta":{"footnotes":""},"class_list":["post-31","page","type-page","status-publish","hentry"],"_links":{"self":[{"href":"http:\/\/crb.com.ar\/index.php?rest_route=\/wp\/v2\/pages\/31","targetHints":{"allow":["GET"]}}],"collection":[{"href":"http:\/\/crb.com.ar\/index.php?rest_route=\/wp\/v2\/pages"}],"about":[{"href":"http:\/\/crb.com.ar\/index.php?rest_route=\/wp\/v2\/types\/page"}],"author":[{"embeddable":true,"href":"http:\/\/crb.com.ar\/index.php?rest_route=\/wp\/v2\/users\/1"}],"replies":[{"embeddable":true,"href":"http:\/\/crb.com.ar\/index.php?rest_route=%2Fwp%2Fv2%2Fcomments&post=31"}],"version-history":[{"count":7,"href":"http:\/\/crb.com.ar\/index.php?rest_route=\/wp\/v2\/pages\/31\/revisions"}],"predecessor-version":[{"id":1087,"href":"http:\/\/crb.com.ar\/index.php?rest_route=\/wp\/v2\/pages\/31\/revisions\/1087"}],"wp:attachment":[{"href":"http:\/\/crb.com.ar\/index.php?rest_route=%2Fwp%2Fv2%2Fmedia&parent=31"}],"curies":[{"name":"wp","href":"https:\/\/api.w.org\/{rel}","templated":true}]}}